{"id":825,"date":"2014-05-30T16:09:27","date_gmt":"2014-05-30T14:09:27","guid":{"rendered":"http:\/\/usvhofamtpriel.at\/?page_id=825"},"modified":"2016-06-27T07:09:13","modified_gmt":"2016-06-27T05:09:13","slug":"kontakt","status":"publish","type":"page","link":"http:\/\/usvhofamtpriel.at\/?page_id=825","title":{"rendered":"Kontakt"},"content":{"rendered":"<h3>Union Tischtennisverein Hofamt Priel<\/h3>\n<p>Dorfplatz 1<br \/>\n3681 Hofamt Priel<\/p>\n<p>ZVR: 213957813<\/p>\n<p><strong>Obmann: Franz Sch\u00f6nbichler<\/strong><br \/>\n(0664) 829 60 20<br \/>\nschoenimal4@gmx.at<\/p>\n<h3>Vorstand<\/h3>\n<table style=\"height: 273px;\" width=\"660\">\n<tbody>\n<tr>\n<td width=\"50%\">Obmann<\/td>\n<td width=\"50%\">Franz Sch\u00f6nbichler<\/td>\n<\/tr>\n<tr>\n<td width=\"50%\">Obmann Stellvertreter<\/td>\n<td width=\"50%\">Christian Sperl<\/td>\n<\/tr>\n<tr>\n<td width=\"50%\">Obmann Stellvertreter<\/td>\n<td width=\"50%\">Josef Mikschovsky<\/td>\n<\/tr>\n<tr>\n<td width=\"50%\">Schriftf\u00fchrer<\/td>\n<td width=\"50%\">Harald Lindenhofer<\/td>\n<\/tr>\n<tr>\n<td width=\"50%\">Kassier<\/td>\n<td width=\"50%\">Josef Schadenhofer<\/td>\n<\/tr>\n<tr>\n<td width=\"50%\">Rechnungspr\u00fcfer\/Beirat<\/td>\n<td width=\"50%\">Christian Wagner<\/td>\n<\/tr>\n<tr>\n<td width=\"50%\">Rechnungspr\u00fcfer\/Beirat<\/td>\n<td width=\"50%\">Manuel Dorner<\/td>\n<\/tr>\n<\/tbody>\n<\/table>\n","protected":false},"excerpt":{"rendered":"<p>Union Tischtennisverein Hofamt Priel Dorfplatz 1 3681 Hofamt Priel ZVR: 213957813 Obmann: Franz Sch\u00f6nbichler (0664) 829 60 20 schoenimal4@gmx.at Vorstand Obmann Franz Sch\u00f6nbichler Obmann Stellvertreter Christian Sperl Obmann Stellvertreter Josef Mikschovsky Schriftf\u00fchrer Harald Lindenhofer Kassier Josef Schadenhofer Rechnungspr\u00fcfer\/Beirat Christian Wagner Rechnungspr\u00fcfer\/Beirat Manuel Dorner<\/p>\n<p class=\"continue-reading-button\"> <a class=\"continue-reading-link\" href=\"http:\/\/usvhofamtpriel.at\/?page_id=825\">mehr<i class=\"crycon-right-dir\"><\/i><\/a><\/p>\n","protected":false},"author":1,"featured_media":0,"parent":27,"menu_order":0,"comment_status":"closed","ping_status":"closed","template":"","meta":[],"_links":{"self":[{"href":"http:\/\/usvhofamtpriel.at\/index.php?rest_route=\/wp\/v2\/pages\/825"}],"collection":[{"href":"http:\/\/usvhofamtpriel.at\/index.php?rest_route=\/wp\/v2\/pages"}],"about":[{"href":"http:\/\/usvhofamtpriel.at\/index.php?rest_route=\/wp\/v2\/types\/page"}],"author":[{"embeddable":true,"href":"http:\/\/usvhofamtpriel.at\/index.php?rest_route=\/wp\/v2\/users\/1"}],"replies":[{"embeddable":true,"href":"http:\/\/usvhofamtpriel.at\/index.php?rest_route=%2Fwp%2Fv2%2Fcomments&post=825"}],"version-history":[{"count":13,"href":"http:\/\/usvhofamtpriel.at\/index.php?rest_route=\/wp\/v2\/pages\/825\/revisions"}],"predecessor-version":[{"id":4222,"href":"http:\/\/usvhofamtpriel.at\/index.php?rest_route=\/wp\/v2\/pages\/825\/revisions\/4222"}],"up":[{"embeddable":true,"href":"http:\/\/usvhofamtpriel.at\/index.php?rest_route=\/wp\/v2\/pages\/27"}],"wp:attachment":[{"href":"http:\/\/usvhofamtpriel.at\/index.php?rest_route=%2Fwp%2Fv2%2Fmedia&parent=825"}],"curies":[{"name":"wp","href":"https:\/\/api.w.org\/{rel}","templated":true}]}}